{"id":1011,"date":"2022-02-17T08:13:42","date_gmt":"2022-02-17T08:13:42","guid":{"rendered":"https:\/\/artes.puenteromano.net\/?page_id=1011"},"modified":"2022-04-08T07:52:35","modified_gmt":"2022-04-08T07:52:35","slug":"cine-y-educacion","status":"publish","type":"page","link":"https:\/\/artes.puenteromano.net\/index.php\/cine-y-educacion\/","title":{"rendered":"Cine y Educaci\u00f3n"},"content":{"rendered":"<p>[et_pb_section fb_built=\u00bb1&#8243; fullwidth=\u00bbon\u00bb _builder_version=\u00bb4.9.3&#8243; _module_preset=\u00bbdefault\u00bb][\/et_pb_section][et_pb_section fb_built=\u00bb1&#8243; fullwidth=\u00bbon\u00bb _builder_version=\u00bb3.29.3&#8243; background_image=\u00bbhttps:\/\/artes.puenteromano.net\/wp-content\/uploads\/2019\/10\/circle-background-pattern.png\u00bb][et_pb_fullwidth_header header_image_url=\u00bbhttps:\/\/artes.puenteromano.net\/wp-content\/uploads\/2022\/03\/Logo-DC1a-alfa-jpg.png\u00bb _builder_version=\u00bb4.9.3&#8243; title_font=\u00bbMontserrat|700||on|||||\u00bb title_text_color=\u00bb#000000&#8243; title_font_size=\u00bb60px\u00bb background_enable_color=\u00bboff\u00bb background_layout=\u00bblight\u00bb custom_css_header_image=\u00bbwidth:200px;\u00bb]<\/p>\n<h1>Cine y Educaci\u00f3n<\/h1>\n<h4>IES Rey Pelayo, Cangas de On\u00eds<\/h4>\n<p>[\/et_pb_fullwidth_header][\/et_pb_section][et_pb_section fb_built=\u00bb1&#8243; _builder_version=\u00bb3.29.3&#8243; background_color=\u00bb#000000&#8243;][et_pb_row column_structure=\u00bb1_3,1_3,1_3&#8243; _builder_version=\u00bb3.29.3&#8243;][et_pb_column type=\u00bb1_3&#8243; _builder_version=\u00bb3.29.3&#8243;][et_pb_image src=\u00bbhttps:\/\/artes.puenteromano.net\/wp-content\/uploads\/2022\/04\/Cartel-DC-Noemi-Castano.jpg\u00bb alt=\u00bbDeva Martino\u00bb title_text=\u00bbCartel DC, Noem\u00ed Casta\u00f1o\u00bb show_in_lightbox=\u00bbon\u00bb align=\u00bbcenter\u00bb _builder_version=\u00bb4.9.3&#8243; _module_preset=\u00bbdefault\u00bb custom_css_main_element=\u00bbwidth:150px;\u00bb][\/et_pb_image][et_pb_blurb title=\u00bbD\u00edas de Cine\u00bb _builder_version=\u00bb4.9.3&#8243; header_level=\u00bbh2&#8243; header_text_align=\u00bbcenter\u00bb text_orientation=\u00bbcenter\u00bb background_layout=\u00bbdark\u00bb]<\/p>\n<p>D\u00edas de Cine en el Instituto<br \/>5, 6, 7 y 8 de abril.<\/p>\n<p>[\/et_pb_blurb][et_pb_cta button_url=\u00bbhttps:\/\/artes.puenteromano.net\/index.php\/project\/dias-de-cine-programa\/\u00bb button_text=\u00bbPrograma\u00bb _builder_version=\u00bb4.9.3&#8243; _module_preset=\u00bbdefault\u00bb background_color=\u00bbRGBA(0,0,0,0)\u00bb custom_button=\u00bbon\u00bb button_text_color=\u00bb#FFFFFF\u00bb button_bg_color=\u00bb#E02B20&#8243; button_border_radius=\u00bb7px\u00bb][\/et_pb_cta][\/et_pb_column][et_pb_column type=\u00bb1_3&#8243; _builder_version=\u00bb3.29.3&#8243;][et_pb_image src=\u00bbhttps:\/\/artes.puenteromano.net\/wp-content\/uploads\/2022\/04\/Cartel-Dias-de-C-Sofia-Pinan.jpg\u00bb alt=\u00bbDeva Martino\u00bb title_text=\u00bbCartel D\u00edas de C, Sof\u00eda Pi\u00f1\u00e1n\u00bb show_in_lightbox=\u00bbon\u00bb align=\u00bbcenter\u00bb _builder_version=\u00bb4.9.3&#8243; _module_preset=\u00bbdefault\u00bb custom_css_main_element=\u00bbwidth:150px;\u00bb][\/et_pb_image][et_pb_blurb title=\u00bbConcurso\u00bb _builder_version=\u00bb4.9.3&#8243; header_level=\u00bbh2&#8243; header_text_align=\u00bbcenter\u00bb text_orientation=\u00bbcenter\u00bb background_layout=\u00bbdark\u00bb hover_enabled=\u00bb0&#8243; sticky_enabled=\u00bb0&#8243;]<\/p>\n<p><strong>NUEVO PLAZO<\/strong><br \/><strong>\u00a1\u00a1Martes 3 de mayo!!<\/strong><\/p>\n<p>[\/et_pb_blurb][et_pb_cta button_url=\u00bbhttps:\/\/artes.puenteromano.net\/index.php\/concurso-de-clips\/\u00bb button_text=\u00bbBases\u00bb _builder_version=\u00bb4.9.3&#8243; _module_preset=\u00bbdefault\u00bb background_color=\u00bbRGBA(0,0,0,0)\u00bb custom_button=\u00bbon\u00bb button_text_color=\u00bb#FFFFFF\u00bb button_bg_color=\u00bb#E02B20&#8243; button_border_radius=\u00bb7px\u00bb][\/et_pb_cta][et_pb_image src=\u00bbhttps:\/\/artes.puenteromano.net\/wp-content\/uploads\/2022\/04\/Logo-Jorge-Oliver.png\u00bb title_text=\u00bbLogo Jorge Oliver\u00bb show_in_lightbox=\u00bbon\u00bb align=\u00bbcenter\u00bb _builder_version=\u00bb4.9.3&#8243; _module_preset=\u00bbdefault\u00bb background_color=\u00bb#FFFFFF\u00bb custom_css_main_element=\u00bbwidth:150px;\u00bb border_radii=\u00bboff|12px|12px|12px|12px\u00bb][\/et_pb_image][et_pb_button button_url=\u00bbhttps:\/\/artes.puenteromano.net\/index.php\/project\/dias-de-cine-logotipos\/\u00bb button_text=\u00bbLogotipos-Artes\u00bb button_alignment=\u00bbcenter\u00bb _builder_version=\u00bb4.9.3&#8243; _module_preset=\u00bbdefault\u00bb custom_button=\u00bbon\u00bb button_text_color=\u00bb#FFFFFF\u00bb button_bg_color=\u00bb#E02B20&#8243;][\/et_pb_button][\/et_pb_column][et_pb_column type=\u00bb1_3&#8243; _builder_version=\u00bb3.29.3&#8243;][et_pb_image src=\u00bbhttps:\/\/artes.puenteromano.net\/wp-content\/uploads\/2022\/04\/Cartel-Dias-de-Cine-Deva-Martino.jpg\u00bb alt=\u00bbDeva Martino\u00bb title_text=\u00bbCartel D\u00edas de Cine, Deva Martino\u00bb show_in_lightbox=\u00bbon\u00bb align=\u00bbcenter\u00bb _builder_version=\u00bb4.9.3&#8243; _module_preset=\u00bbdefault\u00bb custom_css_main_element=\u00bbwidth:150px;\u00bb][\/et_pb_image][et_pb_blurb title=\u00bbPel\u00edculas, cortos y c\u00f3mic\u00bb _builder_version=\u00bb4.9.3&#8243; header_level=\u00bbh2&#8243; header_text_align=\u00bbcenter\u00bb text_orientation=\u00bbcenter\u00bb background_layout=\u00bbdark\u00bb]<\/p>\n<p>Documentaci\u00f3n audiovisual<br \/>Pel\u00edculas, cortos y c\u00f3mics<\/p>\n<p>[\/et_pb_blurb][et_pb_cta button_url=\u00bbhttps:\/\/artes.puenteromano.net\/index.php\/project\/dias-de-cine-peliculas\/\u00bb button_text=\u00bbPel\u00edculas\u00bb _builder_version=\u00bb4.9.3&#8243; _module_preset=\u00bbdefault\u00bb background_color=\u00bbRGBA(0,0,0,0)\u00bb custom_button=\u00bbon\u00bb button_text_color=\u00bb#FFFFFF\u00bb button_bg_color=\u00bb#E02B20&#8243; button_border_radius=\u00bb7px\u00bb][\/et_pb_cta][\/et_pb_column][\/et_pb_row][\/et_pb_section][et_pb_section fb_built=\u00bb1&#8243; admin_label=\u00bbContact Form Section\u00bb _builder_version=\u00bb4.9.3&#8243; background_color=\u00bb#34495e\u00bb custom_padding=\u00bb110px||110px|\u00bb animation_style=\u00bbzoom\u00bb animation_direction=\u00bbbottom\u00bb animation_intensity_zoom=\u00bb10%\u00bb saved_tabs=\u00bball\u00bb][et_pb_row column_structure=\u00bb1_5,3_5,1_5&#8243; admin_label=\u00bbService Section Title\u00bb _builder_version=\u00bb3.25&#8243; custom_margin=\u00bb||40px|\u00bb animation_style=\u00bbfade\u00bb animation_direction=\u00bbtop\u00bb locked=\u00bboff\u00bb][et_pb_column type=\u00bb1_5&#8243; _builder_version=\u00bb3.25&#8243; custom_padding=\u00bb|||\u00bb custom_padding__hover=\u00bb|||\u00bb][\/et_pb_column][et_pb_column type=\u00bb3_5&#8243; _builder_version=\u00bb3.25&#8243; custom_padding=\u00bb|||\u00bb custom_padding__hover=\u00bb|||\u00bb][et_pb_text admin_label=\u00bbTitle\u00bb _builder_version=\u00bb4.9.3&#8243; text_font=\u00bbMontserrat||||||||\u00bb text_text_color=\u00bb#FFFFFF\u00bb text_font_size=\u00bb16px\u00bb text_line_height=\u00bb1.9em\u00bb header_font=\u00bb||||||||\u00bb header_text_color=\u00bb#FFFFFF\u00bb header_2_font=\u00bbMontserrat|700||on|||||\u00bb header_2_text_color=\u00bb#FFFFFF\u00bb header_2_font_size=\u00bb42px\u00bb header_2_line_height=\u00bb1.3em\u00bb background_size=\u00bbinitial\u00bb background_position=\u00bbtop_left\u00bb background_repeat=\u00bbrepeat\u00bb text_orientation=\u00bbcenter\u00bb max_width=\u00bb700px\u00bb module_alignment=\u00bbcenter\u00bb animation_style=\u00bbslide\u00bb animation_direction=\u00bbbottom\u00bb animation_intensity_slide=\u00bb4%\u00bb]<\/p>\n<h2>GRUPO DE TRABAJO<\/h2>\n<p>\u00abCine y Educaci\u00f3n\u00bb: dise\u00f1o y realizaci\u00f3n de actividad complementaria.<br \/>IES Rey Pelayo, Cangas de On\u00eds<\/p>\n<p>[\/et_pb_text][\/et_pb_column][et_pb_column type=\u00bb1_5&#8243; _builder_version=\u00bb3.25&#8243; custom_padding=\u00bb|||\u00bb custom_padding__hover=\u00bb|||\u00bb][\/et_pb_column][\/et_pb_row][\/et_pb_section]<\/p>\n","protected":false},"excerpt":{"rendered":"<p>[et_pb_section fb_built=\u00bb1&#8243; fullwidth=\u00bbon\u00bb _builder_version=\u00bb4.9.3&#8243; _module_preset=\u00bbdefault\u00bb][\/et_pb_section][et_pb_section fb_built=\u00bb1&#8243; fullwidth=\u00bbon\u00bb _builder_version=\u00bb3.29.3&#8243; background_image=\u00bbhttps:\/\/artes.puenteromano.net\/wp-content\/uploads\/2019\/10\/circle-background-pattern.png\u00bb][et_pb_fullwidth_header header_image_url=\u00bbhttps:\/\/artes.puenteromano.net\/wp-content\/uploads\/2022\/03\/Logo-DC1a-alfa-jpg.png\u00bb _builder_version=\u00bb4.9.3&#8243; title_font=\u00bbMontserrat|700||on|||||\u00bb title_text_color=\u00bb#000000&#8243; title_font_size=\u00bb60px\u00bb background_enable_color=\u00bboff\u00bb background_layout=\u00bblight\u00bb custom_css_header_image=\u00bbwidth:200px;\u00bb] Cine y Educaci\u00f3n IES Rey Pelayo, Cangas de On\u00eds [\/et_pb_fullwidth_header][\/et_pb_section][et_pb_section fb_built=\u00bb1&#8243; _builder_version=\u00bb3.29.3&#8243; background_color=\u00bb#000000&#8243;][et_pb_row column_structure=\u00bb1_3,1_3,1_3&#8243; _builder_version=\u00bb3.29.3&#8243;][et_pb_column type=\u00bb1_3&#8243; _builder_version=\u00bb3.29.3&#8243;][et_pb_image src=\u00bbhttps:\/\/artes.puenteromano.net\/wp-content\/uploads\/2022\/04\/Cartel-DC-Noemi-Castano.jpg\u00bb alt=\u00bbDeva Martino\u00bb title_text=\u00bbCartel DC, Noem\u00ed Casta\u00f1o\u00bb show_in_lightbox=\u00bbon\u00bb align=\u00bbcenter\u00bb _builder_version=\u00bb4.9.3&#8243; _module_preset=\u00bbdefault\u00bb custom_css_main_element=\u00bbwidth:150px;\u00bb][\/et_pb_image][et_pb_blurb title=\u00bbD\u00edas de Cine\u00bb _builder_version=\u00bb4.9.3&#8243; header_level=\u00bbh2&#8243; header_text_align=\u00bbcenter\u00bb text_orientation=\u00bbcenter\u00bb background_layout=\u00bbdark\u00bb] D\u00edas [&hellip;]<\/p>\n","protected":false},"author":1,"featured_media":0,"parent":0,"menu_order":0,"comment_status":"closed","ping_status":"closed","template":"","meta":{"_et_pb_use_builder":"on","_et_pb_old_content":"","_et_gb_content_width":"","footnotes":""},"class_list":["post-1011","page","type-page","status-publish","hentry"],"_links":{"self":[{"href":"https:\/\/artes.puenteromano.net\/index.php\/wp-json\/wp\/v2\/pages\/1011","targetHints":{"allow":["GET"]}}],"collection":[{"href":"https:\/\/artes.puenteromano.net\/index.php\/wp-json\/wp\/v2\/pages"}],"about":[{"href":"https:\/\/artes.puenteromano.net\/index.php\/wp-json\/wp\/v2\/types\/page"}],"author":[{"embeddable":true,"href":"https:\/\/artes.puenteromano.net\/index.php\/wp-json\/wp\/v2\/users\/1"}],"replies":[{"embeddable":true,"href":"https:\/\/artes.puenteromano.net\/index.php\/wp-json\/wp\/v2\/comments?post=1011"}],"version-history":[{"count":46,"href":"https:\/\/artes.puenteromano.net\/index.php\/wp-json\/wp\/v2\/pages\/1011\/revisions"}],"predecessor-version":[{"id":1661,"href":"https:\/\/artes.puenteromano.net\/index.php\/wp-json\/wp\/v2\/pages\/1011\/revisions\/1661"}],"wp:attachment":[{"href":"https:\/\/artes.puenteromano.net\/index.php\/wp-json\/wp\/v2\/media?parent=1011"}],"curies":[{"name":"wp","href":"https:\/\/api.w.org\/{rel}","templated":true}]}}