{"id":1151,"date":"2022-03-02T11:21:37","date_gmt":"2022-03-02T11:21:37","guid":{"rendered":"https:\/\/artes.puenteromano.net\/?page_id=1151"},"modified":"2022-04-08T11:00:36","modified_gmt":"2022-04-08T11:00:36","slug":"concurso-de-clips","status":"publish","type":"page","link":"https:\/\/artes.puenteromano.net\/index.php\/concurso-de-clips\/","title":{"rendered":"Concurso de Clips"},"content":{"rendered":"<p>[et_pb_section fb_built=\u00bb1&#8243; specialty=\u00bbon\u00bb _builder_version=\u00bb4.9.3&#8243; _module_preset=\u00bbdefault\u00bb use_background_color_gradient=\u00bbon\u00bb background_color_gradient_start=\u00bb#ff3233&#8243; background_color_gradient_end=\u00bb#590000&#8243; min_height=\u00bb551.7px\u00bb custom_margin=\u00bb||-67px|||\u00bb custom_padding=\u00bb20px|||||\u00bb][et_pb_column type=\u00bb1_2&#8243; _builder_version=\u00bb3.25&#8243; custom_padding=\u00bb|||\u00bb custom_padding__hover=\u00bb|||\u00bb][et_pb_blurb title=\u00bb\u00bfQu\u00e9 es el concurso de clips?\u00bb image=\u00bbhttps:\/\/artes.puenteromano.net\/wp-content\/uploads\/2022\/04\/Cartel-Dias-de-C-Sofia-Pinan.jpg\u00bb _builder_version=\u00bb4.9.3&#8243; _module_preset=\u00bbdefault\u00bb header_level=\u00bbh2&#8243; header_text_color=\u00bb#000000&#8243; header_font_size=\u00bb30px\u00bb body_font=\u00bb||||||||\u00bb body_text_align=\u00bbjustify\u00bb body_text_color=\u00bb#FFFFFF\u00bb background_enable_color=\u00bboff\u00bb custom_padding=\u00bb||0px|||\u00bb custom_css_blurb_image=\u00bbwidth:150px;\u00bb border_width_all_image=\u00bb1px\u00bb border_color_all_image=\u00bb#FFFFFF\u00bb]<\/p>\n<p>El concurso de clips del I.E.S. Rey Pelayo est\u00e1 pensado como una oportunidad para que demostr\u00e9is vuestra creatividad y vuestro gusto por lo audiovisual. Hay montones de personas que hacen peque\u00f1os v\u00eddeos de humor o peque\u00f1as historias en redes como TikTok, o que denuncian los problemas a su alrededor con clips de v\u00eddeo en Twitter o Instagram. Es nuestra manera de ser actores, directoras, documentalistas&#8230; Ahora pod\u00e9is presentaros y dejar claro que val\u00eds para esto y para mucho m\u00e1s.<\/p>\n<p>Env\u00edanos tu propuesta a concursoclipsiespelayo@outlook.es<\/p>\n<p>[\/et_pb_blurb][\/et_pb_column][et_pb_column type=\u00bb1_2&#8243; specialty_columns=\u00bb2&#8243; _builder_version=\u00bb3.25&#8243; custom_padding=\u00bb|||\u00bb custom_padding__hover=\u00bb|||\u00bb][et_pb_row_inner column_structure=\u00bb1_2,1_2&#8243; _builder_version=\u00bb4.9.3&#8243; _module_preset=\u00bbdefault\u00bb][et_pb_column_inner type=\u00bb1_2&#8243; saved_specialty_column_type=\u00bb1_2&#8243; _builder_version=\u00bb4.9.3&#8243; _module_preset=\u00bbdefault\u00bb][et_pb_blurb title=\u00bbAtenci\u00f3n\u00bb use_icon=\u00bbon\u00bb font_icon=\u00bb%%219%%\u00bb icon_color=\u00bb#FFFFFF\u00bb icon_placement=\u00bbleft\u00bb _builder_version=\u00bb4.9.3&#8243; _module_preset=\u00bbdefault\u00bb header_text_color=\u00bb#000000&#8243; header_font_size=\u00bb24px\u00bb body_text_align=\u00bbjustify\u00bb body_text_color=\u00bb#FFFFFF\u00bb custom_padding=\u00bb||0px|||\u00bb]<\/p>\n<p>El v\u00eddeo debe ser grabado en horizontal, y debe durar menos de tres minutos. Consulta las bases para m\u00e1s informaci\u00f3n.<\/p>\n<p>[\/et_pb_blurb][et_pb_blurb title=\u00bb\u00a1\u00a1 NUEVO PLAZO !!\u00bb use_icon=\u00bbon\u00bb font_icon=\u00bb%%227%%\u00bb icon_color=\u00bb#FFFFFF\u00bb icon_placement=\u00bbleft\u00bb _builder_version=\u00bb4.9.3&#8243; _module_preset=\u00bbdefault\u00bb header_font=\u00bb|800|||||||\u00bb header_text_color=\u00bb#FFFFFF\u00bb header_font_size=\u00bb24px\u00bb body_text_color=\u00bb#FFFFFF\u00bb]<\/p>\n<p style=\"text-align: justify;\">Debes enviar tu clip de v\u00eddeo antes del <strong>martes 3 de mayo<\/strong>\u00a0de 2022.<\/p>\n<p>[\/et_pb_blurb][et_pb_blurb title=\u00bb\u00a1Participa!\u00bb use_icon=\u00bbon\u00bb font_icon=\u00bb%%259%%\u00bb icon_color=\u00bb#FFFFFF\u00bb icon_placement=\u00bbleft\u00bb _builder_version=\u00bb4.9.3&#8243; _module_preset=\u00bbdefault\u00bb header_text_color=\u00bb#000000&#8243; header_font_size=\u00bb24px\u00bb body_text_color=\u00bb#FFFFFF\u00bb]<\/p>\n<p>Puedes participar de forma individual o con otras personas, y puedes hacerlo varias veces y con gente distinta.<\/p>\n<p>[\/et_pb_blurb][\/et_pb_column_inner][et_pb_column_inner type=\u00bb1_2&#8243; saved_specialty_column_type=\u00bb1_2&#8243; _builder_version=\u00bb4.9.3&#8243; _module_preset=\u00bbdefault\u00bb][et_pb_accordion _builder_version=\u00bb4.9.3&#8243; _module_preset=\u00bbdefault\u00bb][et_pb_accordion_item title=\u00bbCategor\u00eda Ficci\u00f3n\u00bb open_toggle_text_color=\u00bb#FFFFFF\u00bb open_toggle_background_color=\u00bb#000000&#8243; closed_toggle_background_color=\u00bb#000000&#8243; _builder_version=\u00bb4.9.3&#8243; _module_preset=\u00bbdefault\u00bb body_text_color=\u00bb#FFFFFF\u00bb text_orientation=\u00bbleft\u00bb toggle_text_color=\u00bb#FFFFFF\u00bb toggle_font=\u00bb||||||||\u00bb toggle_font_size=\u00bb21px\u00bb toggle_line_height=\u00bb1em\u00bb open=\u00bbon\u00bb]<\/p>\n<p>\u00bfHas visto toda esa gente que hace peque\u00f1as historias en v\u00eddeos cortos en redes sociales? Seguro que t\u00fa puedes hacer lo mismo o mejor. Ense\u00f1a tu lado m\u00e1s original, art\u00edstico o divertido.<\/p>\n<p>[\/et_pb_accordion_item][et_pb_accordion_item title=\u00bbCategor\u00eda Documental\u00bb open=\u00bboff\u00bb open_toggle_text_color=\u00bb#FFFFFF\u00bb open_toggle_background_color=\u00bb#000000&#8243; closed_toggle_background_color=\u00bb#000000&#8243; _builder_version=\u00bb4.9.3&#8243; _module_preset=\u00bbdefault\u00bb body_text_color=\u00bb#FFFFFF\u00bb toggle_text_color=\u00bb#FFFFFF\u00bb toggle_font_size=\u00bb20px\u00bb]<\/p>\n<p>\u00bfQuieres contarnos qu\u00e9 opinas sobre un tema, o ser profe por un d\u00eda para explicarnos en im\u00e1genes algo de lo que sabes m\u00e1s que nadie? Env\u00edanos un v\u00eddeo documental y ens\u00e9\u00f1anos todo lo que pasa por tu cabeza.<\/p>\n<p>[\/et_pb_accordion_item][\/et_pb_accordion][\/et_pb_column_inner][\/et_pb_row_inner][\/et_pb_column][\/et_pb_section][et_pb_section fb_built=\u00bb1&#8243; admin_label=\u00bbsection\u00bb _builder_version=\u00bb3.22&#8243;][et_pb_row _builder_version=\u00bb4.9.3&#8243; _module_preset=\u00bbdefault\u00bb][et_pb_column type=\u00bb4_4&#8243; _builder_version=\u00bb4.9.3&#8243; _module_preset=\u00bbdefault\u00bb][et_pb_blurb title=\u00bbNuevo plazo de entrega\u00bb use_icon=\u00bbon\u00bb font_icon=\u00bb%%75%%\u00bb icon_color=\u00bb#E02B20&#8243; _builder_version=\u00bb4.9.3&#8243; _module_preset=\u00bbdefault\u00bb]<\/p>\n<p>Ante la dificultad de entrega experimentada por parte de algunos equipos, hemos decidido prorrogar el plazo del Concurso de Clips, fijando como fecha tope para la recepci\u00f3n de los trabajos el\u00a0<strong>martes 3 de abril de 2022.<\/strong><\/p>\n<p>Hemos ampliado tambi\u00e9n los canales de entrega, pudiendo hacerse a trav\u00e9s de cualquiera de los procedimientos siguientes:<\/p>\n<p>&#8211; Clip subido a la cuenta personal de Youtube del equipo, con env\u00edo del enlace al correo del concurso <strong>concursoclipsiespelayo@outlook.es<\/strong><\/p>\n<p>&#8211; Entrega a trav\u00e9s de <strong>cualquier tutor\/profesor, que pueda copiarlo<\/strong> <strong>en un pen drive<\/strong>, quien lo har\u00e1 llegar a los profesores responsables del Concurso.<\/p>\n<p>&#8211; O bien, por correo, a la direcci\u00f3n del Concurso: <strong>concursoclipsiespelayo@outlook.es<\/strong><\/p>\n<p>[\/et_pb_blurb][\/et_pb_column][\/et_pb_row][et_pb_row admin_label=\u00bbrow\u00bb _builder_version=\u00bb3.25&#8243; background_size=\u00bbinitial\u00bb background_position=\u00bbtop_left\u00bb background_repeat=\u00bbrepeat\u00bb custom_padding=\u00bb7px|||||\u00bb][et_pb_column type=\u00bb4_4&#8243; _builder_version=\u00bb3.25&#8243; custom_padding=\u00bb|||\u00bb custom_padding__hover=\u00bb|||\u00bb][et_pb_text admin_label=\u00bbText\u00bb _builder_version=\u00bb4.9.3&#8243; background_size=\u00bbinitial\u00bb background_position=\u00bbtop_left\u00bb background_repeat=\u00bbrepeat\u00bb]<\/p>\n<h1><span style=\"font-size: medium;\"><strong>BASES DE PARTICIPACI\u00d3N<\/strong><\/span><\/h1>\n<ol>\n<li><span style=\"text-decoration: underline;\">Categor\u00edas y premios<\/span><\/li>\n<\/ol>\n<p>Se establecen dos categor\u00edas en las que pueden participar los alumnos de cualquier curso y edad que se encuentren matriculados en el curso 2021\/2022:<\/p>\n<ul>\n<li><strong>Categor\u00eda ficci\u00f3n<\/strong>: Son aquellos clips en los que una o varias personas act\u00faan e interpretan una peque\u00f1a historia o conversaci\u00f3n, o bien cualquier otro tipo de v\u00eddeo con objetivo de entretenimiento o expresi\u00f3n art\u00edstica.<\/li>\n<li><strong>Categor\u00eda documental<\/strong>: Son aquellos clips en los que se expone una opini\u00f3n o se denuncia una situaci\u00f3n a trav\u00e9s de im\u00e1genes reales en las que las personas no est\u00e1n actuando, o bien en los que se recrea o se explica una cuesti\u00f3n de inter\u00e9s con un fin did\u00e1ctico o divulgativo.<\/li>\n<\/ul>\n<p>En cada categor\u00eda se establecen dos subcategor\u00edas: senior y junior. La subcategor\u00eda junior incluye al alumnado de 1\u00ba y 2\u00ba de ESO, mientras que la senior incluye desde 3\u00ba de ESO hasta 2\u00ba de Bachillerato. Cada subcategor\u00eda tendr\u00e1 un premio asociado al mejor clip en cada caso, por lo que los premios principales ser\u00edan los siguientes:<\/p>\n<ul>\n<li>Mejor clip de ficci\u00f3n (senior)<\/li>\n<li>Mejor clip de ficci\u00f3n (junior)<\/li>\n<li>Mejor clip documental (senior)<\/li>\n<li>Mejor clip documental (junior)<\/li>\n<\/ul>\n<p>Por otro lado, la organizaci\u00f3n se reserva la posibilidad de entregar menciones especiales a guion, imagen, sonido, m\u00fasica, vestuario o actuaci\u00f3n si el jurado determinase que alg\u00fan clip destaca especialmente en alguno de estos apartados. Del mismo modo, la organizaci\u00f3n tambi\u00e9n se reserva el derecho de dejar desierto alguno de los premios en el caso de que ning\u00fan clip cumpla con las exigencias m\u00ednimas para recibir el premio principal.<\/p>\n<p>2. <span style=\"text-decoration: underline;\">Normas de participaci\u00f3n<\/span><\/p>\n<p>a) Cualquier persona que se encuentre matriculada en el I.E.S. rey Pelayo durante el curso acad\u00e9mico 2021\/2022 puede participar en el concurso, tanto de forma individual como en grupo.<\/p>\n<p>b) El clip debe ser un v\u00eddeo grabado en <strong>formato horizontal<\/strong>, de <strong>menos de tres minutos<\/strong> de duraci\u00f3n. Debe ser presentado en un formato digital de v\u00eddeo <strong>AVI, MP4, o WMV<\/strong>.<\/p>\n<p>c) Cada clip debe ser enviado de forma individual con un solo correo o archivo, incluso aunque los autores participantes sean varios. Una misma persona puede participar a trav\u00e9s de varios clips de forma individual o en grupo.<\/p>\n<p>d) Los clips podr\u00e1n presentarse de acuerdo con cualquiera de los procedimientos siguientes, indicando en cada archivo o correo\u00a0el nombre o nombres de las personas que han realizado el clip, as\u00ed como la categor\u00eda en la que participa. Procedimientos de entrega:<\/p>\n<ul>\n<li>Clip subido a la cuenta personal de Youtube del equipo, con env\u00edo del enlace al correo del concurso <strong>concursoclipsiespelayo@outlook.es<\/strong><\/li>\n<li>Entrega a trav\u00e9s de <strong>cualquier tutor\/profesor, que pueda copiarlo<\/strong> <strong>en un pen drive<\/strong>, quien lo har\u00e1 llegar a los preofesores responsables del Concurso.<\/li>\n<li>O bien, por correo, a la direcci\u00f3n del Concurso: <strong>concursoclipsiespelayo@outlook.es<\/strong><\/li>\n<\/ul>\n<p>e) El plazo de presentaci\u00f3n de clips se ampl\u00eda hasta el d\u00eda <strong>martes 3 de mayo<\/strong> de 2022.<\/p>\n<p>f) Todas las personas que aparezcan en los v\u00eddeos deben haber dado su consentimiento para aparecer en el clip, incluidas las que aparecen en la categor\u00eda documental. No se admitir\u00e1n v\u00eddeos con actitudes o discursos de odio, palabras malsonantes, o cualquier tipo de contenido ofensivo o inapropiado en general.<\/p>\n<p>[\/et_pb_text][\/et_pb_column][\/et_pb_row][\/et_pb_section][et_pb_section fb_built=\u00bb1&#8243; _builder_version=\u00bb4.9.3&#8243; _module_preset=\u00bbdefault\u00bb][\/et_pb_section]<\/p>\n","protected":false},"excerpt":{"rendered":"<p>[et_pb_section fb_built=\u00bb1&#8243; specialty=\u00bbon\u00bb _builder_version=\u00bb4.9.3&#8243; _module_preset=\u00bbdefault\u00bb use_background_color_gradient=\u00bbon\u00bb background_color_gradient_start=\u00bb#ff3233&#8243; background_color_gradient_end=\u00bb#590000&#8243; min_height=\u00bb551.7px\u00bb custom_margin=\u00bb||-67px|||\u00bb custom_padding=\u00bb20px|||||\u00bb][et_pb_column type=\u00bb1_2&#8243; _builder_version=\u00bb3.25&#8243; custom_padding=\u00bb|||\u00bb custom_padding__hover=\u00bb|||\u00bb][et_pb_blurb title=\u00bb\u00bfQu\u00e9 es el concurso de clips?\u00bb image=\u00bbhttps:\/\/artes.puenteromano.net\/wp-content\/uploads\/2022\/04\/Cartel-Dias-de-C-Sofia-Pinan.jpg\u00bb _builder_version=\u00bb4.9.3&#8243; _module_preset=\u00bbdefault\u00bb header_level=\u00bbh2&#8243; header_text_color=\u00bb#000000&#8243; header_font_size=\u00bb30px\u00bb body_font=\u00bb||||||||\u00bb body_text_align=\u00bbjustify\u00bb body_text_color=\u00bb#FFFFFF\u00bb background_enable_color=\u00bboff\u00bb custom_padding=\u00bb||0px|||\u00bb custom_css_blurb_image=\u00bbwidth:150px;\u00bb border_width_all_image=\u00bb1px\u00bb border_color_all_image=\u00bb#FFFFFF\u00bb] El concurso de clips del I.E.S. Rey Pelayo est\u00e1 pensado como una oportunidad para que demostr\u00e9is vuestra creatividad y vuestro [&hellip;]<\/p>\n","protected":false},"author":1,"featured_media":0,"parent":0,"menu_order":0,"comment_status":"closed","ping_status":"closed","template":"","meta":{"_et_pb_use_builder":"on","_et_pb_old_content":"<!-- wp:paragraph -->\n<p>(En preparaci\u00f3n)<\/p>\n<!-- \/wp:paragraph -->","_et_gb_content_width":"2880","footnotes":""},"class_list":["post-1151","page","type-page","status-publish","hentry"],"_links":{"self":[{"href":"https:\/\/artes.puenteromano.net\/index.php\/wp-json\/wp\/v2\/pages\/1151","targetHints":{"allow":["GET"]}}],"collection":[{"href":"https:\/\/artes.puenteromano.net\/index.php\/wp-json\/wp\/v2\/pages"}],"about":[{"href":"https:\/\/artes.puenteromano.net\/index.php\/wp-json\/wp\/v2\/types\/page"}],"author":[{"embeddable":true,"href":"https:\/\/artes.puenteromano.net\/index.php\/wp-json\/wp\/v2\/users\/1"}],"replies":[{"embeddable":true,"href":"https:\/\/artes.puenteromano.net\/index.php\/wp-json\/wp\/v2\/comments?post=1151"}],"version-history":[{"count":13,"href":"https:\/\/artes.puenteromano.net\/index.php\/wp-json\/wp\/v2\/pages\/1151\/revisions"}],"predecessor-version":[{"id":1664,"href":"https:\/\/artes.puenteromano.net\/index.php\/wp-json\/wp\/v2\/pages\/1151\/revisions\/1664"}],"wp:attachment":[{"href":"https:\/\/artes.puenteromano.net\/index.php\/wp-json\/wp\/v2\/media?parent=1151"}],"curies":[{"name":"wp","href":"https:\/\/api.w.org\/{rel}","templated":true}]}}