{"id":790,"date":"2021-05-15T10:23:23","date_gmt":"2021-05-15T10:23:23","guid":{"rendered":"https:\/\/artes.puenteromano.net\/?post_type=project&#038;p=790"},"modified":"2021-05-15T10:26:56","modified_gmt":"2021-05-15T10:26:56","slug":"el-mar-de-los-sentimientos","status":"publish","type":"project","link":"https:\/\/artes.puenteromano.net\/index.php\/project\/el-mar-de-los-sentimientos\/","title":{"rendered":"El mar tras la m\u00e1scara"},"content":{"rendered":"<p>[et_pb_section fb_built=\u00bb1&#8243; admin_label=\u00bbHero\u00bb _builder_version=\u00bb4.9.3&#8243; use_background_color_gradient=\u00bbon\u00bb background_color_gradient_start=\u00bbrgba(0,0,0,0.6)\u00bb background_color_gradient_end=\u00bbrgba(0,0,0,0.6)\u00bb background_color_gradient_overlays_image=\u00bbon\u00bb background_image=\u00bbhttps:\/\/artes.puenteromano.net\/wp-content\/uploads\/2021\/04\/Aves-agua-y-arena.png\u00bb custom_padding=\u00bb110px|0px|110px|0px|false|false\u00bb animation_style=\u00bbzoom\u00bb animation_intensity_zoom=\u00bb4%\u00bb][et_pb_row _builder_version=\u00bb3.25&#8243; background_size=\u00bbinitial\u00bb background_position=\u00bbtop_left\u00bb background_repeat=\u00bbrepeat\u00bb custom_padding=\u00bb|||\u00bb animation_style=\u00bbslide\u00bb animation_direction=\u00bbtop\u00bb animation_intensity_slide=\u00bb3%\u00bb][et_pb_column type=\u00bb4_4&#8243; _builder_version=\u00bb3.25&#8243; custom_padding=\u00bb|||\u00bb custom_padding__hover=\u00bb|||\u00bb][et_pb_text _builder_version=\u00bb3.29.3&#8243; text_font=\u00bbMontserrat|500||on|||||\u00bb text_text_color=\u00bb#f7f7f7&#8243; text_font_size=\u00bb16px\u00bb text_letter_spacing=\u00bb3px\u00bb background_size=\u00bbinitial\u00bb background_position=\u00bbtop_left\u00bb background_repeat=\u00bbrepeat\u00bb custom_margin=\u00bb|||\u00bb animation_style=\u00bbslide\u00bb animation_direction=\u00bbbottom\u00bb locked=\u00bboff\u00bb]<\/p>\n<p>Arte y Filosof\u00eda<\/p>\n<p>[\/et_pb_text][et_pb_text _builder_version=\u00bb4.9.3&#8243; text_font=\u00bb||||||||\u00bb header_font=\u00bbMontserrat|700||on|||||\u00bb header_text_color=\u00bb#ffffff\u00bb header_font_size=\u00bb60px\u00bb header_line_height=\u00bb1.3em\u00bb header_2_font=\u00bb||||||||\u00bb background_size=\u00bbinitial\u00bb background_position=\u00bbtop_left\u00bb background_repeat=\u00bbrepeat\u00bb custom_margin=\u00bb|||\u00bb animation_style=\u00bbfade\u00bb header_font_size_last_edited=\u00bboff|desktop\u00bb locked=\u00bboff\u00bb]<\/p>\n<h1>El mar tras la m\u00e1scara<\/h1>\n<p>[\/et_pb_text][et_pb_text _builder_version=\u00bb4.9.3&#8243; text_font=\u00bb||||||||\u00bb text_text_color=\u00bb#ffffff\u00bb text_font_size=\u00bb24px\u00bb text_line_height=\u00bb1.8em\u00bb background_size=\u00bbinitial\u00bb background_position=\u00bbtop_left\u00bb background_repeat=\u00bbrepeat\u00bb max_width=\u00bb700px\u00bb module_alignment=\u00bbleft\u00bb animation_style=\u00bbflip\u00bb animation_direction=\u00bbtop\u00bb animation_intensity_flip=\u00bb20%\u00bb locked=\u00bboff\u00bb]<\/p>\n<p>En un pasado presente, la mujer contuvo con el dique expresivo de la m\u00e1scara, un mar de sentimientos interiores.<\/p>\n<p>[\/et_pb_text][\/et_pb_column][\/et_pb_row][\/et_pb_section][et_pb_section fb_built=\u00bb1&#8243; admin_label=\u00bbFullwidth Image\u00bb _builder_version=\u00bb3.22&#8243; custom_padding=\u00bb110px|0px|110px|0px\u00bb][et_pb_row column_structure=\u00bb1_2,1_2&#8243; _builder_version=\u00bb4.9.3&#8243; background_size=\u00bbinitial\u00bb background_position=\u00bbtop_left\u00bb background_repeat=\u00bbrepeat\u00bb][et_pb_column type=\u00bb1_2&#8243; _builder_version=\u00bb3.25&#8243; custom_padding=\u00bb|||\u00bb custom_padding__hover=\u00bb|||\u00bb][et_pb_image src=\u00bbhttps:\/\/artes.puenteromano.net\/wp-content\/uploads\/2021\/05\/La-mascara-y-el-mar-de-los-sentimientos-de-Deva-F-Martino-scaled.jpg\u00bb alt=\u00bbLa m\u00e1scara y el mar de los sentimientos, de Deva F Martino\u00bb title_text=\u00bbLa m\u00e1scara y el mar de los sentimientos, de Deva F Martino\u00bb show_in_lightbox=\u00bbon\u00bb align_tablet=\u00bbcenter\u00bb align_phone=\u00bb\u00bb align_last_edited=\u00bbon|desktop\u00bb _builder_version=\u00bb4.9.3&#8243; animation_style=\u00bbslide\u00bb animation_direction=\u00bbbottom\u00bb animation_intensity_slide=\u00bb2%\u00bb][\/et_pb_image][\/et_pb_column][et_pb_column type=\u00bb1_2&#8243; _builder_version=\u00bb4.9.3&#8243; background_color=\u00bb#f7f7f7&#8243; custom_padding=\u00bb|||\u00bb custom_padding__hover=\u00bb|||\u00bb][et_pb_text _builder_version=\u00bb4.9.3&#8243; _module_preset=\u00bbdefault\u00bb custom_padding=\u00bb20px|20px|20px|20px|true|true\u00bb hover_enabled=\u00bb0&#8243; sticky_enabled=\u00bb0&#8243;]<\/p>\n<h3><strong>El mar tras la m\u00e1scara<\/strong><\/h3>\n<p><strong>Deva F. Martino*<\/strong><\/p>\n<p>El sentimiento de la mujer en los a\u00f1os 50, coincidiendo en la d\u00e9cada, no tiene voz. Ellas la tienen pero no se las oye, no las dejan hacerse o\u00edr.<\/p>\n<p>En consecuencia, se ponen una m\u00e1scara y proyectan al exterior una \u00abversi\u00f3n\u00bb de ellas mismas que no es real, que retiene el mar de sus sentimientos interiores.<\/p>\n<p>En ese mar se mece la b\u00fasqueda de la libertad, el deseo de vivir sin ataduras, la profundidad del deseo que no se consigue.<\/p>\n<p>____________<\/p>\n<p>* Imagen obtenida a partir del retrato de mi bisabuela.<\/p>\n<p>[\/et_pb_text][\/et_pb_column][\/et_pb_row][\/et_pb_section]<\/p>\n","protected":false},"excerpt":{"rendered":"<p>[et_pb_section fb_built=\u00bb1&#8243; admin_label=\u00bbHero\u00bb _builder_version=\u00bb4.9.3&#8243; use_background_color_gradient=\u00bbon\u00bb background_color_gradient_start=\u00bbrgba(0,0,0,0.6)\u00bb background_color_gradient_end=\u00bbrgba(0,0,0,0.6)\u00bb background_color_gradient_overlays_image=\u00bbon\u00bb background_image=\u00bbhttps:\/\/artes.puenteromano.net\/wp-content\/uploads\/2021\/04\/Aves-agua-y-arena.png\u00bb custom_padding=\u00bb110px|0px|110px|0px|false|false\u00bb animation_style=\u00bbzoom\u00bb animation_intensity_zoom=\u00bb4%\u00bb][et_pb_row _builder_version=\u00bb3.25&#8243; background_size=\u00bbinitial\u00bb background_position=\u00bbtop_left\u00bb background_repeat=\u00bbrepeat\u00bb custom_padding=\u00bb|||\u00bb animation_style=\u00bbslide\u00bb animation_direction=\u00bbtop\u00bb animation_intensity_slide=\u00bb3%\u00bb][et_pb_column type=\u00bb4_4&#8243; _builder_version=\u00bb3.25&#8243; custom_padding=\u00bb|||\u00bb custom_padding__hover=\u00bb|||\u00bb][et_pb_text _builder_version=\u00bb3.29.3&#8243; text_font=\u00bbMontserrat|500||on|||||\u00bb text_text_color=\u00bb#f7f7f7&#8243; text_font_size=\u00bb16px\u00bb text_letter_spacing=\u00bb3px\u00bb background_size=\u00bbinitial\u00bb background_position=\u00bbtop_left\u00bb background_repeat=\u00bbrepeat\u00bb custom_margin=\u00bb|||\u00bb animation_style=\u00bbslide\u00bb animation_direction=\u00bbbottom\u00bb locked=\u00bboff\u00bb] Arte y Filosof\u00eda [\/et_pb_text][et_pb_text _builder_version=\u00bb4.9.3&#8243; text_font=\u00bb||||||||\u00bb header_font=\u00bbMontserrat|700||on|||||\u00bb header_text_color=\u00bb#ffffff\u00bb header_font_size=\u00bb60px\u00bb header_line_height=\u00bb1.3em\u00bb header_2_font=\u00bb||||||||\u00bb background_size=\u00bbinitial\u00bb background_position=\u00bbtop_left\u00bb background_repeat=\u00bbrepeat\u00bb custom_margin=\u00bb|||\u00bb animation_style=\u00bbfade\u00bb header_font_size_last_edited=\u00bboff|desktop\u00bb locked=\u00bboff\u00bb] El [&hellip;]<\/p>\n","protected":false},"author":1,"featured_media":0,"comment_status":"closed","ping_status":"closed","template":"","meta":{"_et_pb_use_builder":"on","_et_pb_old_content":"","_et_gb_content_width":"","footnotes":""},"project_category":[15],"project_tag":[],"class_list":["post-790","project","type-project","status-publish","hentry","project_category-1o-artes"],"_links":{"self":[{"href":"https:\/\/artes.puenteromano.net\/index.php\/wp-json\/wp\/v2\/project\/790","targetHints":{"allow":["GET"]}}],"collection":[{"href":"https:\/\/artes.puenteromano.net\/index.php\/wp-json\/wp\/v2\/project"}],"about":[{"href":"https:\/\/artes.puenteromano.net\/index.php\/wp-json\/wp\/v2\/types\/project"}],"author":[{"embeddable":true,"href":"https:\/\/artes.puenteromano.net\/index.php\/wp-json\/wp\/v2\/users\/1"}],"replies":[{"embeddable":true,"href":"https:\/\/artes.puenteromano.net\/index.php\/wp-json\/wp\/v2\/comments?post=790"}],"version-history":[{"count":6,"href":"https:\/\/artes.puenteromano.net\/index.php\/wp-json\/wp\/v2\/project\/790\/revisions"}],"predecessor-version":[{"id":798,"href":"https:\/\/artes.puenteromano.net\/index.php\/wp-json\/wp\/v2\/project\/790\/revisions\/798"}],"wp:attachment":[{"href":"https:\/\/artes.puenteromano.net\/index.php\/wp-json\/wp\/v2\/media?parent=790"}],"wp:term":[{"taxonomy":"project_category","embeddable":true,"href":"https:\/\/artes.puenteromano.net\/index.php\/wp-json\/wp\/v2\/project_category?post=790"},{"taxonomy":"project_tag","embeddable":true,"href":"https:\/\/artes.puenteromano.net\/index.php\/wp-json\/wp\/v2\/project_tag?post=790"}],"curies":[{"name":"wp","href":"https:\/\/api.w.org\/{rel}","templated":true}]}}

El mar tras la máscara

<p>[et_pb_section fb_built=»1&#8243; admin_label=»Hero» _builder_version=»4.9.3&#8243; use_background_color_gradient=»on» background_color_gradient_start=»rgba(0,0,0,0.6)» background_color_gradient_end=»rgba(0,0,0,0.6)» background_color_gradient_overlays_image=»on» background_image=»https://artes.puenteromano.net/wp-content/uploads/2021/04/Aves-agua-y-arena.png» custom_padding=»110px|0px|110px|0px|false|false» animation_style=»zoom» animation_intensity_zoom=»4%»][et_pb_row _builder_version=»3.25&#8243; background_size=»initial» background_position=»top_left» background_repeat=»repeat» custom_padding=»|||» animation_style=»slide» animation_direction=»top» animation_intensity_slide=»3%»][et_pb_column type=»4_4&#8243; _builder_version=»3.25&#8243; custom_padding=»|||» custom_padding__hover=»|||»][et_pb_text _builder_version=»3.29.3&#8243; text_font=»Montserrat|500||on|||||» text_text_color=»#f7f7f7&#8243; text_font_size=»16px» text_letter_spacing=»3px» background_size=»initial» background_position=»top_left» background_repeat=»repeat» custom_margin=»|||» animation_style=»slide» animation_direction=»bottom» locked=»off»]</p>
<p>Arte y Filosofía</p>
<p>[/et_pb_text][et_pb_text _builder_version=»4.9.3&#8243; text_font=»||||||||» header_font=»Montserrat|700||on|||||» header_text_color=»#ffffff» header_font_size=»60px» header_line_height=»1.3em» header_2_font=»||||||||» background_size=»initial» background_position=»top_left» background_repeat=»repeat» custom_margin=»|||» animation_style=»fade» header_font_size_last_edited=»off|desktop» locked=»off»]</p>
<h1>El mar tras la máscara</h1>
<p>[/et_pb_text][et_pb_text _builder_version=»4.9.3&#8243; text_font=»||||||||» text_text_color=»#ffffff» text_font_size=»24px» text_line_height=»1.8em» background_size=»initial» background_position=»top_left» background_repeat=»repeat» max_width=»700px» module_alignment=»left» animation_style=»flip» animation_direction=»top» animation_intensity_flip=»20%» locked=»off»]</p>
<p>En un pasado presente, la mujer contuvo con el dique expresivo de la máscara, un mar de sentimientos interiores.</p>
<p>[/et_pb_text][/et_pb_column][/et_pb_row][/et_pb_section][et_pb_section fb_built=»1&#8243; admin_label=»Fullwidth Image» _builder_version=»3.22&#8243; custom_padding=»110px|0px|110px|0px»][et_pb_row column_structure=»1_2,1_2&#8243; _builder_version=»4.9.3&#8243; background_size=»initial» background_position=»top_left» background_repeat=»repeat»][et_pb_column type=»1_2&#8243; _builder_version=»3.25&#8243; custom_padding=»|||» custom_padding__hover=»|||»][et_pb_image src=»https://artes.puenteromano.net/wp-content/uploads/2021/05/La-mascara-y-el-mar-de-los-sentimientos-de-Deva-F-Martino-scaled.jpg» alt=»La máscara y el mar de los sentimientos, de Deva F Martino» title_text=»La máscara y el mar de los sentimientos, de Deva F Martino» show_in_lightbox=»on» align_tablet=»center» align_phone=»» align_last_edited=»on|desktop» _builder_version=»4.9.3&#8243; animation_style=»slide» animation_direction=»bottom» animation_intensity_slide=»2%»][/et_pb_image][/et_pb_column][et_pb_column type=»1_2&#8243; _builder_version=»4.9.3&#8243; background_color=»#f7f7f7&#8243; custom_padding=»|||» custom_padding__hover=»|||»][et_pb_text _builder_version=»4.9.3&#8243; _module_preset=»default» custom_padding=»20px|20px|20px|20px|true|true» hover_enabled=»0&#8243; sticky_enabled=»0&#8243;]</p>
<h3><strong>El mar tras la máscara</strong></h3>
<p><strong>Deva F. Martino*</strong></p>
<p>El sentimiento de la mujer en los años 50, coincidiendo en la década, no tiene voz. Ellas la tienen pero no se las oye, no las dejan hacerse oír.</p>
<p>En consecuencia, se ponen una máscara y proyectan al exterior una «versión» de ellas mismas que no es real, que retiene el mar de sus sentimientos interiores.</p>
<p>En ese mar se mece la búsqueda de la libertad, el deseo de vivir sin ataduras, la profundidad del deseo que no se consigue.</p>
<p>____________</p>
<p>* Imagen obtenida a partir del retrato de mi bisabuela.</p>
<p>[/et_pb_text][/et_pb_column][/et_pb_row][/et_pb_section]</p>

<p>[et_pb_section fb_built=»1&#8243; admin_label=»Hero» _builder_version=»4.9.3&#8243; use_background_color_gradient=»on» background_color_gradient_start=»rgba(0,0,0,0.6)» background_color_gradient_end=»rgba(0,0,0,0.6)» background_color_gradient_overlays_image=»on» background_image=»https://artes.puenteromano.net/wp-content/uploads/2021/04/Aves-agua-y-arena.png» custom_padding=»110px|0px|110px|0px|false|false» animation_style=»zoom» animation_intensity_zoom=»4%»][et_pb_row _builder_version=»3.25&#8243; background_size=»initial» background_position=»top_left» background_repeat=»repeat» custom_padding=»|||» animation_style=»slide» animation_direction=»top» animation_intensity_slide=»3%»][et_pb_column type=»4_4&#8243; _builder_version=»3.25&#8243; custom_padding=»|||» custom_padding__hover=»|||»][et_pb_text _builder_version=»3.29.3&#8243; text_font=»Montserrat|500||on|||||» text_text_color=»#f7f7f7&#8243; text_font_size=»16px» text_letter_spacing=»3px» background_size=»initial» background_position=»top_left» background_repeat=»repeat» custom_margin=»|||» animation_style=»slide» animation_direction=»bottom» locked=»off»] Arte y Filosofía [/et_pb_text][et_pb_text _builder_version=»4.9.3&#8243; text_font=»||||||||» header_font=»Montserrat|700||on|||||» header_text_color=»#ffffff» header_font_size=»60px» header_line_height=»1.3em» header_2_font=»||||||||» background_size=»initial» background_position=»top_left» background_repeat=»repeat» custom_margin=»|||» animation_style=»fade» header_font_size_last_edited=»off|desktop» locked=»off»] El [&hellip;]</p>
